5*g**2 - 1. Let q(m) = m**2 - 9*m - 10. Let l be q(9). Let x(o) = -o**2 - 9*o + 14. Let v be x(l). Suppose 2*b - v = 6. What is d(b)?
-1
Let g(d) be the first derivative of -d**3/3 + 7*d**2/2 - 5*d - 3. Let i be (-115)/(-25) - 4*4/(-40). Determine g(i).
5
Let y(n) be the first derivative of -2*n - 4/3*n**3 - 1 - 1/4*n**4 + 2*n**2. Suppose -5*g - i + 6 - 28 = 0, 5 = -4*g - 5*i. Determine y(g).
3
Let l(x) = 9*x - 49. Let g(c) = -4*c + 23. Let h(j) = -13*g(j) - 6*l(j). Give h(-16).
27
Let f(y) = y**2 - y**3 - 10*y**2 + 6 + y**2 - 7*y. Suppose 330 = 15*t + 435. Give f(t).
6
Let o(b) = b. Let n = 17 + -16. Let d be (0*(-1)/(-2))/(0 + n). Calculate o(d).
0
Let l(t) = t - 4. Let q(x) = -x + 5. Let d(k) = -3*l(k) - 4*q(k). Let v = -52 + 62. Let c be (1 - (8 - 3)) + v. Determine d(c).
-2
Suppose -3*j + 11*o - 8*o = -9, 4*j - 2*o = 14. Let d(t) = -t**3 + 4*t**2 + 3*t - 3. What is d(j)?
9
Let h(i) be the second derivative of -i**3/3 - i**2 - i. Let l(u) = u**2 - 17*u + 29. Let v be l(15). Let n be (-21)/(-15) + v - 16/(-10). Calculate h(n).
-6
Let q(m) = -12*m**2 + m. Let f be -6*(-2)/(-4) - -5. Suppose -f = -3*g + 13. Suppose -n = -5, -g*t + 41 - 11 = 5*n. Determine q(t).
-11
Suppose -5*b - 3*s - 21 = 0, -5*b + 2*s - 10 = 1. Let v(y) = -5*y**2 + 7*y - 9. Let q(j) = j**2 - j + 2. Let z(p) = -11*q(p) - 2*v(p). Calculate z(b).
-4
Let k(x) = 2*x + x**2 + 3 + 3*x + 3. Suppose -5*j + 10*u - 130 = 5*u, -11 = j + 4*u. Let b be (4/(-5))/(j/(-115)). Give k(b).
2
Let o be 4/(-22) - 2/(44/282). Let u(c) = -c**3 - c**2 + 10*c + 13. Let l(j) = -2*j**3 - 3*j**2 + 21*j + 27. Let b(h) = o*u(h) + 6*l(h). Give b(6).
5
Suppose -7*h = 340 + 262. Let f = h - -87. Let r(b) = 4*b - 7. Let q(j) = 7*j - 15. Let c(x) = -6*q(x) + 13*r(x). Give c(f).
9
Suppose 4*p - 7 = 2*q + 3*p, 0 = -3*p + 15. Let r(m) = -24*m**3 + 2*m + 1. Give r(q).
23
Let a = 5 + -9. Let j = a - -9. Let q(d) = -4*d + 7*d - 4 + j + 1. Calculate q(-2).
-4
Let r(f) = f. Suppose -u - 4*a = -3, 2*u = -2*a + 7 - 1. Let b = 2 + u. Suppose -b*t + 37 = -2*l, 0*l - 20 = 5*l + 2*t. Determine r(l).
-6
Suppose -h - 27 = 5*s, -3*h - 3*s + 8*s - 61 = 0. Let f = h - -24. Let k(t) = 10*t**f + 1 + 3*t - 3*t**2 - 6*t**2 + 3. Give k(-3).
4
Let m(o) be the second derivative of 0*o**2 + 5*o - 1/3*o**3 + 1/20*o**5 - 1/12*o**4 + 0. Calculate m(2).
0
Let u = 99 + -9. Suppose -u = 3*d - 69. Let j(z) = -z - 9. Determine j(d).
-2
Let j(u) = u**2 + 4. Let s(c) = -4*c + 8. Let p(w) = w + 1. Let k(g) = -6*p(g) - s(g). Let d be k(-7). Calculate j(d).
4
Let h(i) = 3*i - 41. Let q be h(12). Let t(u) = u**3 + 7*u**2 + 6*u. Determine t(q).
20
Let g = 70 + -43. Let j = g - 21. Let k(z) = -z**2 + 4*z + 7. Calculate k(j).
-5
Let d(q) = q + 7. Let b be d(-5). Let x(s) be the third derivative of 0 + 1/60*s**6 + 0*s - 4*s**2 - 1/24*s**4 + 1/3*s**3 - 1/30*s**5. Determine x(b).
8
Let u(q) = q**3 + q**2 + q + 1. Suppose -30 = -2*v - 2*j, 6 = v + 5*j - 29. Let c(s) = s**2 - 12*s + 19. Let f be c(v). Determine u(f).
0
Let n(h) = -326 - 6*h + 3*h + 306. Determine n(-10).
10
Let m(n) = 2*n**2 - n + 2. Let v(t) = 12*t - 1 - 17*t - t**2 + 6*t. Let s(r) = 3*m(r) + 7*v(r). Calculate s(4).
-1
Let x(q) = -q + 13. Let j be x(6). Suppose -4*p - 3 = -j. Let z(k) = 8 + p + 0 + 2*k - k. What is z(-5)?
4
Suppose -2*d = 2*q + 8, -3*d + 13*q = 15*q + 10. Let v(w) = -2 + 2 + w**2 + 2*w + 2. Give v(d).
2
Suppose a - 4*a = 0. Suppose 4*d - 4 = -a*d. Let f(m) = 27*m - 16*m - 13*m - 5*m. What is f(d)?
-7
Let r(y) = -5*y**3 + 8*y**2 - 8*y. Let f(v) = -v**3 + v**2 - v. Let p(b) = 6*f(b) - r(b). Suppose -22 = -16*o + 14*o. Suppose -6*c = -o*c - 15. Determine p(c).
3
Let k(c) be the third derivative of 0*c - 6*c**2 - 2/3*c**3 - 1/8*c**4 + 0. Give k(-4).
8
Let o(n) = 4*n + 4. Suppose -16 - 2 = -9*q. Let v(r) = -3*r - 3. Let d(b) = q*o(b) + 3*v(b). Determine d(-6).
5
Let y(i) = -i**3 + 1. Let p = -6 + 6. Let g = p - -4. Let a(f) = -f**3 + 3*f**2 + 4*f - 1. Let t be a(g). What is y(t)?
2
Suppose 148*b + 19*b + 835 = 0. Let c(v) = 2 + 7*v - 3*v - 3*v. Calculate c(b).
-3
Let l(a) = -a - 1. Suppose -i = 2*w - w + 18, 5*i + 78 = -2*w. Let p = 4 + i. Give l(p).
9
Let n(o) = -7*o**3 - o**2 + o + 1. Let b(y) = -y**3 + 7*y**2 + 5*y + 12. Let r be b(8). Let t = -13 - r. Calculate n(t).
6
Let h be 1/((-2)/(-3) + -1). Let x(p) = p**2 + p + 2. Give x(h).
8
Let f(a) be the third derivative of 5*a**4/12 + a**3/2 - 160*a**2. Calculate f(-4).
-37
Suppose 171*f + 96 = 179*f. Let k(c) = -c**3 + 11*c**2 + 10*c + 12. What is k(f)?
-12
Let u(z) = 3. Let t(i) = -i - 9. Suppose 0 = -2*q + 12 + 2. Let k(n) = q*u(n) + 2*t(n). What is k(5)?
-7
Let n = 14 - 14. Suppose 4*i + 2*i - 12 = n. Let r(y) = -i - 2*y**2 + 3*y**2 + 0*y**2 + 0*y**2. What is r(-2)?
2
Let s(q) be the second derivative of -q**3/6 - q**2 - 101*q. What is s(-8)?
6
Let k(i) = i**3 - 14*i**2 - 2*i - 15. Let s(w) = 11*w + 630. Let o be s(-56). Calculate k(o).
-43
Let b(x) = -x**2 + 3*x + 6. Let s be b(-2). Let w(p) = 0*p + 8*p - 5*p. Calculate w(s).
-12
Let o(i) be the second derivative of -i**5/20 + 2*i**4/3 + 5*i**3/6 + 3*i**2 + 129*i. Calculate o(9).
-30
Let w(k) be the second derivative of -k**3/6 - k**2/2 + k. Let a be (1 - -1)/((-285)/(-70) - 4). Let x = -34 + a. Calculate w(x).
5
Let d(t) = 19*t + 1. Let m(o) = -12*o - 1. Let z(f) = -5*d(f) - 8*m(f). Give z(-7).
-4
Let v(d) be the first derivative of 2*d**3/3 + 2*d**2 + 2*d + 6. Let r be v(-2). Let z(j) = 6*j**3 - 7*j**3 - j - 7*j**r + 5*j - 3*j. What is z(-7)?
-7
Let l(a) be the second derivative of a**5/20 - a**4/12 - 5*a**3/6 - 2*a**2 - 31*a. Calculate l(-3).
-25
Let j = 27 + -28. Let p be (-3)/9 + (-26)/(-6). Let s(f) = 2*f - 4. Let l(r) = -r + 3. Let k(w) = p*l(w) + 3*s(w). Give k(j).
-2
Let f(b) = 7*b - 1. Let i(l) = 6*l - 1. Let j be (-6)/10*(-13 - -18). Let c(r) = j*f(r) + 2*i(r). Suppose -3*u - 3 = -0*u. Calculate c(u).
10
Let f(r) be the first derivative of 3*r**2/2 + 31*r - 17. Give f(-9).
4
Suppose -20 = 101*k - 96*k. Let n(h) = -h**2 - h. Let y(j) = -3*j**2 - 4*j + 3. Let g(t) = -2*n(t) + y(t). Calculate g(k).
-5
Let q(g) be the third derivative of 1/10*g**5 + 0*g - 1/2*g**3 + 0 + 15*g**2 + 0*g**4 + 1/120*g**6. Give q(-6).
-3
Let q(i) be the second derivative of i**6/40 + 5*i**3/2 + 6*i. Let z(b) be the second derivative of q(b). Calculate z(-1).
9
Let c = -27 - -37. Let t = c + -9. Suppose -b + t = 9. Let a(s) = -s - 15. Calculate a(b).
-7
Suppose 80*c + 14 = 66*c. Let y(q) = -30*q**3 + q**2 - 1. Calculate y(c).
30
Let l(o) = o**2 - 11*o + 11. Suppose 4*r = -20, -5*r - 29 = -4*t + 3*t. Suppose -30 = t*y - 7*y. Determine l(y).
1
Let q(r) = r - 4. Let d = 18 - 18. Let i = d - -7. What is q(i)?
3
Let o(j) = 11 - 15 + 5 - 2*j**2. Calculate o(1).
-1
Suppose 1333 = -5*h + 1348. Let q(z) = -2*z + 7. Calculate q(h).
1
Let a be (-228)/39 + (-24)/156. Let i(r) = -4*r - 16. What is i(a)?
8
Let f(k) = -k**3 + 6*k**2 + 0*k**2 + 1 - 3 - 5*k. Let o(p) = 2*p**2 - 18*p + 18. Let j be o(8). Suppose -2*w + 19 = 5*s, 3*s - w = -j*w + 12. What is f(s)?
-2
Suppose -17 = -f + 2*c, -64 - 4 = -4*f + 2*c. Let u(o) = 7*o + 4*o - f*o - 1 + 3*o. What is u(1)?
-4
Let d(o) be the second derivative of -o**4/12 - 17*o**3/6 + 23*o**2/2 + 44*o. Calculate d(-18).
5
Let l(m) = -m**2 + 3*m. Let w be (-12)/21 + (-96)/(-21). Calculate l(w).
-4
Let o(b) = 2*b**3 - 2*b**2 - 2*b + 1. Let k = 386 - 384. Give o(k).
5
Let x be (-8)/(-12)*18/4. Let p(t) = t**3 - t + 2. Let u be p(0). Let o be x - (1 + 9)/u. Let k(n) = 3*n**2 + 4*n + 3. Determine k(o).
7
Let m = -10 - -15. Suppose 3*c + 4*v + 6 = -2*c, 0 = 4*c + 3*v + m. Let g(q) = 9*q + 8. Let u(t) = -19*t - 17. Let l(r) = 13*g(r) + 6*u(r). What is l(c)?
-4
Let l be 0 - (-4)/4 - 5. Let v(m) = 0 - 11*m - m**2 - 1 - 7*m + 13*m. Give v(l).
3
Let o(z) be the first derivative of -z**4/4 - 5*z**3/3 - z**2 + z + 1. Let b = 6 - -3. Suppose 2*h + 9 = y, -2*y - 3*y + b = -h. Give o(h).
-7
Let r(m) = 71*m**3 - 2*m**2. Let d be r(1). Let x = d + -69. Let l(b) = -b - 10. Calculate l(x).
-10
Suppose 0 = 2*b - 5*v + 13, 15*v + 11 = -3*b + 14*v. Let l(r) = -r**3 - 7*r**2 - 14*r - 9. Determine l(b).
-1
Let g = -33 + 32. Let b be g - (0 - (2 - 3)). Let m be ((-16)/12)/(b/(-3)). Let d(v) = v**2 - v - 1. What is d(m)?
5
Let s be (1*-1)/((-2)/4). Let v(k) = 2*k**2 + 1. Let o be v(-1). L